3*l - x*q - 63 = 0. List the prime factors of l.
3, 7
Let m = 83 + -49. Suppose -3*x = -x + 22. Let r = x + m. List the prime factors of r.
23
Let s = -10 + -4. What are the prime factors of -2 + (-1 - s) + 0?
11
Suppose 0*l - l = -5*m + 416, -8 = -2*l. Let c = -59 + m. Let y = -11 + c. List the prime factors of y.
2, 7
Let f(q) = q - 10. Let c be f(-7). Let s = 134 + c. Suppose -5*x + 5*b + s = 3*b, -2*x = 5*b - 41. What are the prime factors of x?
23
Let g be 40*(-6 - -4)*(-1 + 2). Let z = -62 - g. List the prime factors of z.
2, 3
Let k(l) = l**3 - 2*l**2 - l - 4. Let r be k(3). Let x(a) = -7*a + 10. Let v be x(4). What are the prime factors of 2/(r - v/(-10))?
2, 5
Suppose 0 = -3*z + 3, z + 7975 = 4*v - 0*v. What are the prime factors of v?
2, 997
Let j(a) = a + 23. Let o be j(-17). Suppose w = l + 92, o*w + 149 = 8*w + 5*l. What are the prime factors of w?
3, 29
Let d(i) = -2*i**3 - 5*i**2 + 6*i - 7. Let j = 40 - 44. What are the prime factors of d(j)?
17
Let i be (-25)/75*(7 - 1). Let j(g) = 32*g**2 - 4. What are the prime factors of j(i)?
2, 31
Let f(v) = 36*v + 27. Let g be f(9). List the prime factors of g/(-9)*(-2 + 1).
3, 13
List the prime factors of (62940/(-39))/(-1) - (-14)/91.
2, 3, 269
Suppose 3*b + 12 - 6 = 0. What are the prime factors of (b/(12/(-22)))/((-1)/(-18))?
2, 3, 11
Let n = 10058 + -7170. What are the prime factors of n?
2, 19
Suppose -j - 660 = -6*j. What are the prime factors of j?
2, 3, 11
Let h = -5 + 5. Suppose -3*i + 110 - 23 = h. List the prime factors of i.
29
Suppose -116 = 4*c + 5*a, a = 3*c + 2*a + 87. Suppose 128 = 2*j + 14. Let v = c + j. What are the prime factors of v?
2, 7
Let q = 42 + 37. Suppose 125 = 2*l - q. List the prime factors of l.
2, 3, 17
Let z(g) = 2*g**2 - 7*g - 5. Let j be z(-7). Let f = j + -80. Suppose s + 2*i = -0*i + f, 1 = i. What are the prime factors of s?
2, 3, 5
Suppose 3*p + 5390 = 5*b, -2*b + 1045 + 1120 = -3*p. What are the prime factors of b?
5, 43
Let i(h) be the third derivative of h**6/40 - h**5/10 + h**4/12 + h**3/3 + 5*h**2. What are the prime factors of i(4)?
2, 53
Let f = -838 - -2843. List the prime factors of f.
5, 401
Suppose -4*u - u = -4*m - 72064, 3*m + 54048 = 4*u. Let l be (10/(-20))/((-2)/m). List the prime factors of l/(-88) - (-2)/(-11).
3, 17
Let j(y) = y - 5. Let d be j(7). Suppose 0 = -d*u + 196 + 196. Suppose -5*f - 2*f + u = 0. List the prime factors of f.
2, 7
Let h(r) = 2*r**2 - 32*r + 2. Let s be h(16). Suppose -y = 3*v - 199, -s*y - 3*y - v + 967 = 0. List the prime factors of y.
193
Let n be ((-15)/10)/((-3)/(-34)). Let i(k) = -k**3 - 18*k**2 - 23*k + 18. List the prime factors of i(n).
2, 3, 5
Let p = 47 + -57. List the prime factors of (p/1 - -7)*(0 - 27).
3
Let i(d) be the first derivative of -d**4/4 + d**3 + 6*d**2 + 32*d - 16. What are the prime factors of i(-4)?
2, 3
Let w = 26 - 21. Suppose -3*s = 4*q - 1069 + 242, w*q - 563 = -2*s. List the prime factors of s.
269
What are the prime factors of 2/(-10)*9710*5/(-10)?
971
Suppose -12*v = -8*v - 16. Suppose 0 = -o - v*o + 25. Suppose m = o*w + 32, -4*w = -5*m + 6 + 217. What are the prime factors of m?
47
Suppose -1 = -2*z - 5. Let v be ((-3)/z)/(2/(-4)). What are the prime factors of ((-40)/v)/(10/30)?
2, 5
Let a(y) = y - 1. Let m be a(3). Suppose 0 = -m*n + n + 5. Let v(f) = 3*f - 1. What are the prime factors of v(n)?
2, 7
Let h(k) = 225*k**2 - k. Let a be h(-1). List the prime factors of (-2 - (0 - a)) + (-5 - -6).
3, 5
Let x be 2*1*6748/56. Let l = x + -143. What are the prime factors of l?
2, 7
Suppose 0 = -n + 4*s - 42, 4*n + 0*n = 4*s - 156. Let p be 2310/(-98) + (-8)/(-14). Let g = p - n. List the prime factors of g.
3, 5
Let s be (-1 + 2)/(1/8). Let u(f) = f**2 + 5*f + 6. Let i be u(-4). Let q = i + s. What are the prime factors of q?
2, 5
Suppose -5*m = -5*p - 415, 3*m + 576 = -5*p + 161. Let r = p + 131. What are the prime factors of r?
2, 3
Let b = -3414 - -5369. List the prime factors of b.
5, 17, 23
Let y(l) = 6*l**2 + 3*l - 4. Let s be y(1). Suppose -3*q - 15 = -6*q, s*q + 101 = 2*f. List the prime factors of f.
3, 7
Let h(g) = -5*g - 9*g**2 + 0*g - 19 - 8*g - g**3. What are the prime factors of h(-8)?
3, 7
Let l be (0 - (-194)/6)*45/(-15). Let g = -51 - l. What are the prime factors of g?
2, 23
Suppose 12*u = 15*u + 36. Let g be (2/6)/((-1)/u). Suppose -5*q + v + 0*v + 260 = 0, -g*q - 2*v = -208. What are the prime factors of q?
2, 13
Suppose -16*m + 20 = -20*m. List the prime factors of 2/m + 27/5.
5
Let n = 109 - -93. Suppose c - 2*u = 181, 0 = -c - u - 15 + n. List the prime factors of c.
5, 37
Suppose -2*q + 3*q = 3*x - 448, 5*x + 3*q - 742 = 0. Suppose -2*r = 5*n - x, 0 = -r - 0*r - 3. What are the prime factors of n?
31
Suppose -8912 = 13*m - 18*m - u, m + 4*u - 1771 = 0. What are the prime factors of m?
1783
Let m(h) = h - 5. Let d be m(-2). Let g be -4 - (-2 + 2 + d). Suppose g*z - a = 187, -335 = -5*z - a - 2*a. List the prime factors of z.
2
List the prime factors of (-6878)/76*16/(-2).
2, 181
Suppose -8*j + 5*m = -7*j - 2621, 4*j = -2*m + 10572. What are the prime factors of j?
19, 139
Suppose -38*g + 31*g = 329. Suppose 5*x + 121 = a, 2*a - 5*x = 249 - 32. Let u = a + g. What are the prime factors of u?
7
Let x = -6 + 13. Let o be ((-3)/(-9)*1)/(4/(-60)). Let z = o + x. List the prime factors of z.
2
Let s = -2535 - -5561. What are the prime factors of s?
2, 17, 89
Let w(d) = d**3 - 9*d**2 + 3*d - 9. Let f be w(9). Suppose f*v - 14*v = 216. What are the prime factors of v?
2, 3
Suppose -5*q + 5*p = -805, 2*q = 6*q - p - 656. Suppose 0*h + q = h. List the prime factors of h.
3, 5, 11
Suppose 3*n + 4*j - 3 = 4, 3*j = -6. Suppose -n*b = -68 - 92. What are the prime factors of b?
2
Let o = 19 + -17. Suppose -26 = -o*c + 16. What are the prime factors of c?
3, 7
Suppose 4*h - 13 = 63. Suppose 0 = -5*g + 5*q + 21 - 6, -5*g + q + h = 0. Let r = g - -3. List the prime factors of r.
7
Let a be 11 + -11 + (-162)/(-1). Suppose i = -5*i + a. What are the prime factors of i?
3
Let h(r) be the first derivative of 3*r**2 + r + 29. List the prime factors of h(8).
7
Suppose 2*v = 6*v - 4. List the prime factors of (-3 - 11)*-1 - v.
13
Suppose -l - 599 + 1817 = 4*m, -5*m = -3*l - 1531. List the prime factors of 2/(-5*(-1)/m).
2, 61
Let h = -3 + 9. Let d(v) = -v**3 + 10*v**2 - 7*v - 7. Let s be d(h). Suppose 6*a = a + s. What are the prime factors of a?
19
Suppose -3*s + 4*q = 80, 40 = s - 2*s + 4*q. Let m be 45/s + (-2)/(-8). Let z(x) = -3*x**3 - 2*x**2 + 3*x + 3. List the prime factors of z(m).
13
Suppose -u - 6 = 31. Let j = -22 - u. Let w = 3 + j. What are the prime factors of w?
2, 3
Suppose -i + 3*i = 5*q, q + i = 0. Suppose 5*l - w - 1154 = q, -4*l + 3*w + 228 = -3*l. What are the prime factors of l?
3, 7, 11
Suppose 4*y - 4*v - v = 3, -3*y + v = -5. List the prime factors of (y/(-6))/((-2)/228).
2, 19
Suppose -z = -2*z + 1, -1 = w - z. Suppose -5*t + t + 184 = w. What are the prime factors of t?
2, 23
Let w = -3752 - -7774. What are the prime factors of w?
2, 2011
Let v be -5*4/(-5)*14. Suppose 32 = 4*r - v. Suppose 2*y = 8 + r. List the prime factors of y.
3, 5
List the prime factors of (-20)/(-5) + 38 + -7.
5, 7
Let k(l) = -4*l - 3 - 6*l - 11. What are the prime factors of k(-20)?
2, 3, 31
What are the prime factors of (-30688)/(-84) + 2/(-6) + 7?
2, 3, 31
Let q(u) = u**3 + 14*u**2 - 17*u - 36. Let a be q(-15). Suppose -4*m + 64 = -188. Let n = m + a. List the prime factors of n.
3, 19
Let p be (10 - 52)*-1*(-4)/(-2). Suppose 48 + p = j. List the prime factors of j.
2, 3, 11
Let i(j) = 68*j + 693. What are the prime factors of i(29)?
5, 13, 41
Let t(d) be the second derivative of 0*d**3 + 0 + 1/3*d**4 + 1/20*d**5 + 1/2*d**2 + 5*d. What are the prime factors of t(-2)?
3
Let q(r) = r**2 + 4 - 22 - 4 - 12*r. List the prime factors of q(-9).
167
Suppose 0 = -4*t - 2*n - 42, -4*t - 7 = -2*n - 3*n. Let v = -424 + 447. Let g = v - t. What are the prime factors of g?
31
Let p = 680 + -28. What are the prime factors of p?
2, 163
Let b = 89 - 54. Suppose 4*x - 1 = b. List the prime factors of x.
3
Suppose -t + 28 = 2*d + 9, 3*d + t = 31. What are the prime factors of 2388/d + 1/1 + -1?
199
Let f = 22 - 31. Suppose -m + 3*o + 20 = -o, -5*m + 56 = 2*o. Let l = m + f. What are the